- 0?
-920233
In base 14, what is 8d + -45a9?
-451a
In base 2, what is 10 - 1111011001000?
-1111011000110
In base 4, what is 3101 + -11130?
-2023
In base 16, what is -cc33d + -2?
-cc33f
In base 13, what is -588 - a1?
-659
In base 7, what is 3156 - -235?
3424
In base 9, what is -13 + -1314?
-1327
In base 13, what is 8608 - 28?
85b0
In base 6, what is 1 - 303401?
-303400
In base 14, what is -38 - -366?
32c
In base 14, what is 10 - c7?
-b7
In base 2, what is 1011001101101111000 - 1000?
1011001101101110000
In base 4, what is -111122333 - -11?
-111122322
In base 4, what is -111231202 + -100?
-111231302
In base 5, what is -12334 - -121?
-12213
In base 2, what is 0 + 1001010100010?
1001010100010
In base 16, what is -353 - 55?
-3a8
In base 13, what is 10 - -11427?
11437
In base 5, what is 0 + 3424?
3424
In base 9, what is 16 - -421211?
421227
In base 11, what is 461a + -6?
4614
In base 16, what is -26 - 31?
-57
In base 16, what is 3 - -16f8be?
16f8c1
In base 6, what is 12231 + -21?
12210
In base 7, what is 6662 - 14?
6645
In base 16, what is 12bfe - 3?
12bfb
In base 8, what is -6731 + -37?
-6770
In base 13, what is 1 + -16386b?
-16386a
In base 6, what is 114421 + 31?
114452
In base 8, what is -1443324 - 11?
-1443335
In base 16, what is 1 + -fbd3?
-fbd2
In base 10, what is -831 - -1107?
276
In base 16, what is 3689 + 3?
368c
In base 11, what is -2 - 8617?
-8619
In base 8, what is 501 - 20?
461
In base 5, what is -314433 + 2?
-314431
In base 11, what is -116 + -84a0?
-8606
In base 4, what is 10232133 + -121?
10232012
In base 6, what is 15044 - 124?
14520
In base 9, what is 5 + -154047?
-154042
In base 7, what is 312400 - 0?
312400
In base 15, what is -29705 - -7?
-296ed
In base 3, what is 1120 + -112221112?
-112212222
In base 11, what is 108 - 602?
-4a5
In base 14, what is -77c + -17?
-795
In base 10, what is 160 + -10?
150
In base 15, what is -8a + -105?
-190
In base 3, what is -1210002002002 - 0?
-1210002002002
In base 7, what is 3 - -113022?
113025
In base 5, what is -102 + -434023?
-434130
In base 14, what is 24521 - 5?
2451a
In base 12, what is 4 + -6959?
-6955
In base 9, what is 42510 - -5?
42515
In base 4, what is -11 - -110332021?
110332010
In base 11, what is -167 - -114a7?
11340
In base 3, what is 20101 - -11?
20112
In base 9, what is -5 - -638588?
638583
In base 14, what is 401a + a?
4026
In base 12, what is 8b + 81?
150
In base 10, what is -6 + 107583?
107577
In base 6, what is 10545 + -30?
10515
In base 13, what is -3 - 32472?
-32475
In base 14, what is -4 - 7db2?
-7db6
In base 4, what is -33332 + 31?
-33301
In base 2, what is -10101000111010011100 + -10?
-10101000111010011110
In base 11, what is -1005 + 75?
-a40
In base 10, what is 6 - -7185?
7191
In base 9, what is -2 + 1080421?
1080418
In base 8, what is -120 + 62452?
62332
In base 10, what is -8 + -4204?
-4212
In base 5, what is 1 + -1241044?
-1241043
In base 11, what is -9552 - -61?
-94a1
In base 2, what is 11101010100 + -1101011?
11011101001
In base 12, what is -7 - -7031?
7026
In base 13, what is 3b2c + 47?
3b76
In base 5, what is -3 - 3022122?
-3022130
In base 15, what is 0 + -2e63c?
-2e63c
In base 11, what is -1522 + -12?
-1534
In base 5, what is 4 + 100420?
100424
In base 5, what is -103 + 201133?
201030
In base 16, what is -9c33b - -1?
-9c33a
In base 14, what is 2040 - -86?
20c6
In base 16, what is bbb - 17?
ba4
In base 4, what is -32003313 - -3?
-32003310
In base 6, what is 1 + -2401551?
-2401550
In base 7, what is -110 + -42522?
-42632
In base 4, what is 233122 - 13?
233103
In base 2, what is 1011111011110 + 10?
1011111100000
In base 3, what is -112 + 210010110?
210002221
In base 5, what is -10 - -2112402?
2112342
In base 7, what is 231 - -14402?
14633
In base 9, what is 2474 + -156?
2317
In base 14, what is -731 + -1c?
-74d
In base 9, what is -63 - 1030?
-1103
In base 8, what is -32203625 - 2?
-32203627
In base 14, what is b0 + -593?
-4c3
In base 4, what is 201 + -103312032?
-103311231
In base 7, what is 12160 - -12?
12202
In base 12, what is 2 + -a138?
-a136
In base 9, what is -5 + 28203?
28187
In base 16, what is 2e + -2a79?
-2a4b
In base 6, what is -1110450 - -144?
-1110302
In base 2, what is -11 + -10000100111010110?
-10000100111011001
In base 4, what is 3230 - -2012?
11302
In base 12, what is 4 + 4a79?
4a81
In base 5, what is 204 - -1030430?
1031134
In base 13, what is 554 + -186?
39b
In base 13, what is 23 + -4851?
-482b
In base 4, what is -3 + -233311113?
-233311122
In base 4, what is 10 - 11032021?
-11032011
In base 12, what is -16b91 + 36?
-16b57
In base 9, what is 4 - -187075?
187080
In base 12, what is -13365 + 4?
-13361
In base 16, what is d - 1562?
-1555
In base 6, what is -140050 + 10?
-140040
In base 2, what is 100 - 1001111100101?
-1001111100001
In base 3, what is -100100122200 - 10?
-100100122210
In base 9, what is -31 - -55275?
55244
In base 10, what is 73531 + 0?
73531
In base 11, what is -34 - -65480?
65447
In base 5, what is -3424 + -14433?
-23412
In base 7, what is -3000120 + 3?
-3000114
In base 3, what is -10000 + 21200?
11200
In base 14, what is -bb92 + -17?
-bba9
In base 9, what is -53780 - -7?
-53772
In base 3, what is -220 + -220110220?
-220111210
In base 16, what is -5 + -ff238?
-ff23d
In base 2, what is -111111010011100100 - 100?
-111111010011101000
In base 4, what is -3 - -12333103101?
12333103032
In base 16, what is -3 + -30d7?
-30da
In base 2, what is 1010100 - -10111100110000?
10111110000100
In base 9, what is 5142 - -37?
5180
In base 10, what is 340093 - -7?
340100
In base 11, what is 2 - -3a68?
3a6a
In base 16, what is -10 + 2fe7?
2fd7
In base 3, what is 100210100121 + -10?
100210100111
In base 12, what is -19 + 1072?
1055
In base 14, what is -8a - -29c0?
2934
In base 13, what is 4828a - -5?
48292
In base 14, what is -98 + 128a7?
1280d
In base 15, what is -600 + 40?
-5b0
In base 9, what is 3547 + 430?
4077
In base 8, what is 5 + -2343650?
-2343643
In base 16, what is 6a - -2a?
94
In base 7, what is -32620 - -64?
-32523
In base 5, what is 342 - -131024?
131421
In base 13, what is 7b97 + -3?
7b94
In base 11, what is -61 + 57?
-5
In base 11, what is 10171 - -4?
10175
In base 4, what is -11 - -113302230?
113302213
In base 13, what is 32 - -162?
194
In base 3, what is -10102 + 1102001112?
1101221010
In base 2, what is 100 + 1110101110100101010?
1110101110100101110
In base 5, what is 14322 + -100?
14222
In base 10, what is -23 - -4788?
4765
In base 6, what is -10423101 + 4?
-10423053
In base 14, what is 1 + 95cd?
95d0
In base 15, what is -3 - -771ec?
771e9
In base 8, what is -1534 + -25?
-1561
In base 3, what is 101122012212 - -10?
101122012222
In base 2, what is 111111001000110 + 0?
111111001000110
In base 2, what is 100 - -11111011110101111?
11111011110110011
In base 13, what is 4 + 4864?
4868
In base 12, what is 3 - 6003?
-6000
In base 7, what is 26033 - 5?
26025
In base 16, what is 194f + -3?
194c
In base 3, what is 20001211 - 11210?
12220001
In base 4, what is 1002 - 11013?
-10011
In base 6, what is -213001 - 202?
-213203
In base 4, what is -20322012 - -113?
-20321233
In base 5, what is -4 - -332041024?
332041020
In base 4, what is 22333 + 3113?
32112
In base 12, what is 159970 - -5?
159975
In base 4, what is 10210023 + 10?
10210033
In base 5, what is -1043 + -22021?
-23114
In base 10, what is 11 - -405961?
405972
In base 7, what is 1503333 + -3?
1503330
In base 6, what is 0 + -10012?
-10012
In base 5, what is 1423 - 430340?
-423412
In base 3, what is -2022 - 1200120?
-1202212
In base 6, what is 4431 - 1000?
3431
In base 11, what is -5 + -85698?
-856a2
In base 8, what is -7 - 637153?
-637162
In base 8, what is 4154 + 2?
4156
In base 15, what is -6b8cd - 2?
-6b8d0
In base 4, what is -3022303 - -120?
-3022123
In base 15, what is -5907 + 8?
-58ee
In base 5, what is 1013424002 - -10?
1013424012
In base 2, what is -100101000100 - -101010?
-100100011010
In base 16, what is -1 + 2968?
2967
In base 3, what is 1010 + -2212110210?
-2212102200
In base 5, what is 1422 + 401?
2323
In base 14, what is -2 - -5677?
5675
In base 12, what is -3 + -162181?
-162184
In base 16, what is 243e + -86?
23b8
In base 12, what is 152 + 1b00?
2052
In base 4, what is 310 - 3022002?
-3021032
In base 13, what is -4b7 - -16?
-4a1
In base 11, what is 16251 + 94?
16335
In ba